s divided by 17?
15
Let h = 3 + -1. Suppose -2*x - 6 = t, h = -0*t - t - x. Suppose 0 = 3*b - 9 - 6. Calculate the remainder when b is divided by t.
1
Suppose 0 = -4*d - 8, 3*x - 19 = -0*d + 5*d. Let i = 3 + 1. Suppose -j = o, 2*j + 3*o - 2 = -i. What is the remainder when x is divided by j?
1
Let w(p) = p**3 + 5*p**2 - 7*p - 6. Calculate the remainder when w(-4) is divided by 10.
8
Let b(z) = -3*z**2 + 2*z + 3. Let x(v) = 7*v**2 - 5*v - 7. Let u(a) = 9*b(a) + 4*x(a). Calculate the remainder when u(3) is divided by 1.
0
Suppose -12*m + 148 = -8*m. Calculate the remainder when m is divided by 8.
5
Suppose -45 = -8*p + 7*p. What is the remainder when p is divided by 16?
13
Suppose 6*t = 2*t + 36. What is the remainder when 17 is divided by t?
8
Let z = 5 - 5. Suppose v - d - 6 = -z*v, 2*v = d + 9. Calculate the remainder when 6 is divided by v.
0
Suppose l = -l + 12. Let q = 0 - 2. Calculate the remainder when (-261)/(-15) + q/5 is divided by l.
5
Suppose -r + 95 = 4*r. What is the remainder when ((-2)/6)/((-1)/117) + -2 is divided by r?
18
Suppose 0 = 3*i + 12 - 36. Let p = 21 + i. Suppose -2*l + 2 - 8 = 0, 5*l = 4*j - 75. Calculate the remainder when p is divided by j.
14
Suppose 0*r + r + v = 3, 2*r = -3*v + 2. Calculate the remainder when 22 is divided by r.
1
Suppose 4*a - 13 = -1. Suppose -a*b + 18 + 48 = 0. What is the remainder when b is divided by 8?
6
Let v(m) = -m**3 - m**2 - 2*m + 20. Suppose 2*r - 148 = -3*l + 15, -4*r = 16. What is the remainder when l is divided by v(0)?
17
Suppose -w + 3*r - 13 = 0, 3*r - 24 = -5*w + 1. Suppose b + w*f = -2*f - 4, -5*b + 55 = -5*f. Let y = 7 - 4. Calculate the remainder when b is divided by y.
2
Let n be 72/(-2 - -6) - -1. Suppose 9 = 4*u - n. Calculate the remainder when u is divided by 3.
1
Suppose 3*n = 5*y + 116, 3 = -2*n + n. Let w = -18 - y. Suppose -2*j + 28 = g - 5*j, -4*g - 4*j + 32 = 0. Calculate the remainder when g is divided by w.
6
Let o = 208 - 164. What is the remainder when o is divided by 5?
4
Let y = -1 - 13. Let o = y - -23. What is the remainder when 34 is divided by o?
7
Suppose 0 = -i - 0 + 4. Suppose -i*s = -j + 39, 0 = -j + 6*j + s - 237. Suppose -f - g + j = -6*g, 2*g = 6. What is the remainder when f is divided by 21?
20
Calculate the remainder when (-8)/12 - (-154)/6 is divided by 14.
11
Let s(y) = -y**2 + 9*y + 9. Let g be s(9). Suppose 2*i - g - 21 = 0. What is the remainder when 44 is divided by i?
14
Let h(t) = -t**2 + 7*t + 2. Let v be h(7). What is the remainder when (0/(-1) + v)*1 is divided by -1 - -3*2/2?
0
Let q(m) = -11*m**2 + 3. Let t(w) = w**2 + w - 1. Let r(l) = -q(l) - 4*t(l). What is the remainder when r(3) is divided by 18?
16
Let n = 10 + 8. Calculate the remainder when 35 is divided by n.
17
What is the remainder when 18 is divided by (20/7)/((-12)/(-42))?
8
Let h be 10*-1 + 0/2. What is the remainder when ((-52)/h + 0)*5 is divided by 9?
8
Suppose 7*v - 319 = 290. Calculate the remainder when v is divided by 18.
15
Calculate the remainder when (-1)/(4 + 84/(-20)) is divided by 4.
1
Suppose 335 = 5*v - 2*v - 5*n, 3*v - 325 = -5*n. Calculate the remainder when v is divided by 28.
26
Let q = -24 + 59. Suppose -q = -2*l - 9. What is the remainder when 24 is divided by l?
11
Suppose j - 62 = 3*h - 23, 94 = 2*j - 2*h. What is the remainder when j is divided by (-1)/(-3) - 159/(-9)?
15
Let q = 3 - 3. Suppose -5*i + q + 5 = -2*j, -2*j - 2 = -2*i. Suppose 0 = -3*v - j*v + 21. What is the remainder when 19 is divided by v?
5
Suppose p - 48 = 5*p. Suppose -w + 5*h = -44, -w + 70 = w - 4*h. Let r = w + p. What is the remainder when 49 is divided by r?
15
Suppose -3*a + 0*w = w - 7, -a - 3*w - 3 = 0. Suppose c - 2*c - j + 5 = 0, a*j = 3. Suppose -2 - 48 = -5*q. What is the remainder when q is divided by c?
2
Let r(n) = n**3 - 5*n**2 - 5*n + 2. Let t be r(5). Let b = t - -39. Calculate the remainder when 47 is divided by b.
15
Let g(f) = -f**2 + 8*f + 2. Calculate the remainder when 32 is divided by g(7).
5
Let k(h) = -h**2 + 2*h - 2. Let r be k(4). Let f = r + 15. What is the remainder when 8 is divided by f?
3
Let d be 2/6 - (-175)/(-3). Let f be (d/6)/(3/(-9)). Let s = f - -3. What is the remainder when s is divided by 11?
10
Calculate the remainder when 0 - (-1 + 5 - 67) is divided by 16.
15
Suppose -s + 18 - 1 = 0. What is the remainder when s is divided by 4?
1
Let o(k) = -35*k. Let m(d) = d**2 + 10*d + 8. Let s be m(-9). Calculate the remainder when o(s) is divided by (36/(-10))/(3/(-15)).
17
Suppose l - 1 - 3 = 0. Let h = 9 - l. What is the remainder when 14 is divided by h?
4
Let l(w) = w**3 - 7*w**2 + 6*w + 7. Let r(u) = 3*u**2 + 7*u + 6. What is the remainder when r(-4) is divided by l(6)?
5
Let p(h) = -h**3 + 3*h**2 + 6*h - 3. Let g be p(4). Suppose -2*d - 3*d + 3*v + g = 0, 10 = 2*v. Calculate the remainder when 14 is divided by d.
2
Suppose -15 = 2*i - 7*i. Calculate the remainder when 6 is divided by i.
0
Calculate the remainder when 50 is divided by 14 + -1 - 3/((-3)/(-4)).
5
Suppose 4 = -z + 12. Calculate the remainder when 45 is divided by z.
5
Suppose -2*w = g - 1 - 5, -5*w + g + 29 = 0. Calculate the remainder when 22 is divided by w.
2
Let x(g) = -5*g - 9. Calculate the remainder when x(-6) is divided by (-22*5/(-20))/(2/4).
10
Let j(l) = l + 8. Let m be j(-4). Suppose 55 = m*c + c. Suppose 5*y - 3*g - 108 = 0, -3*y + 3*g = -4*y + 18. Calculate the remainder when y is divided by c.
10
Let t = 2 - -15. Calculate the remainder when t is divided by 5.
2
Let l = 1 - -3. Let w(h) = h**3 - 2*h**2 + 3*h. Calculate the remainder when w(2) is divided by l.
2
Suppose 5*w - y - 33 = 0, y - 9 = -4*w + 21. What is the remainder when w is divided by 5?
2
Let m(c) = c + c**3 + 2*c**2 - c**2 - 3 + 4*c**2 + c. Calculate the remainder when m(-4) is divided by -3*-1*1*1.
2
Suppose -6*l = -99 - 177. Calculate the remainder when l is divided by 17.
12
Suppose -5*y + 48 = -y + 4*a, 2*y + a - 20 = 0. What is the remainder when (-108)/(-5) + 2/5 is divided by y?
6
Let w(l) = -l**3 - 3*l**2 - 2*l - 2. Let j be w(-3). Let z(g) = g**2 - 3*g. Calculate the remainder when 14 is divided by z(j).
2
Let l = 11 + -15. Let f = l + 11. What is the remainder when 26 is divided by f?
5
Suppose -b + 4*t + 5 = 0, -b = -5*b + 5*t + 20. Suppose -b*i = a - 8, -2*a - 2*i + 37 = a. Let r = 11 - 6. What is the remainder when a is divided by r?
3
Let c(x) = -7*x - 1. Let b = -8 - -32. Suppose 3*a - b = a. Calculate the remainder when c(-5) is divided by a.
10
Suppose 2*w = w. Suppose w*t + 3*t = 45. Let d = -67 + 111. What is the remainder when d is divided by t?
14
Suppose 2*v - 20 = -2*v. Suppose -d + 0*j + 48 = j, 4*j - 245 = -v*d. What is the remainder when d is divided by 27?
26
Suppose 2*x = x + 52. Suppose -3*n + 30 = -8*n. Let z = n - -24. What is the remainder when x is divided by z?
16
Let p(g) = -g**3 + 6*g**2 + 4*g + 4. What is the remainder when p(6) is divided by (18/4 - 3)*10?
13
Let i(r) = r**3 - 2*r**2 + 2*r + 2. Let z be (4/(-5))/((-2)/5). Let y(t) = 4*t**2 + t - 1. Calculate the remainder when y(2) is divided by i(z).
5
Let s = -34 + 24. Let v = 0 - s. Suppose 6 + 72 = 2*y. Calculate the remainder when y is divided by v.
9
Let m(l) be the first derivative of l**3/3 + l**2 - l - 2. Let h(u) be the first derivative of m(u). What is the remainder when 10 is divided by h(2)?
4
Let r = -14 - -19. Calculate the remainder when r is divided by ((-1)/3)/((-1)/9).
2
Suppose -5*b = -3*u + 19, -3*u - b - b = -26. Suppose -2*i = -w - 87, 4*w = -u - 4. What is the remainder when i is divided by 11?
9
Suppose -j = -3*y - 8 + 41, y - 9 = j. What is the remainder when 32 is divided by y?
8
Let v = 50 - 29. What is the remainder when 81 is divided by v?
18
Let l = 89 - 79. Calculate the remainder when 129 is divided by l.
9
Let w = 3 + 0. Suppose 5*g = w*f + f - 76, 2*f - g - 32 = 0. Suppose 5*z - 12 = -s, 2*z + 15 = -3*z. Calculate the remainder when s is divided by f.
13
Let i(y) = -y**3 + 7*y**2 - 7*y + 8. Let f be i(6). Suppose -f = -2*x + x. Calculate the remainder when 2 is divided by x.
0
Let v(q) = q**3 + 5*q**2 - 4*q + 12. Let i be v(-6). Suppose g = -k + 58, -k = -g - i*g + 50. Calculate the remainder when g is divided by 19.
16
Let b = 27 + -59. Let w = 46 + b. Suppose 0